{"id":107,"date":"2010-08-16T15:00:18","date_gmt":"2010-08-16T13:00:18","guid":{"rendered":"http:\/\/lebonheurdeshotes.fr\/WordPress\/?page_id=107"},"modified":"2019-06-19T19:14:53","modified_gmt":"2019-06-19T17:14:53","slug":"fonctionnement","status":"publish","type":"page","link":"https:\/\/lesvillasdherve.fr\/WordPress3\/fonctionnement\/","title":{"rendered":"Fonctionnement"},"content":{"rendered":"<h3><span style=\"color: #800000;\">Les Admissions<\/span><\/h3>\n<p>L&rsquo;admission est prononc\u00e9e par le Directeur apr\u00e8s avis du M\u00e9decin coordonnateur de l&rsquo;\u00e9tablissement. Le dossier administratif et m\u00e9dical de pr\u00e9-admission doit \u00eatre d\u00e9pos\u00e9 pr\u00e9alablement \u00e0 l&rsquo;\u00e9tablissement (rubrique <a href=\"https:\/\/lesvillasdherve.fr\/WordPress3\/?p=231\" target=\"_self\">Formulaires en ligne<\/a>).<br \/>\nUne visite de pr\u00e9-admission est fortement recommand\u00e9e pour le futur r\u00e9sident.<\/p>\n<h3><span style=\"color: #800000;\">Service H\u00f4telier<\/span><\/h3>\n<p>La restauration est assur\u00e9e par le personnel salari\u00e9, il n&rsquo;y pas de sous-traitance. Deux cuisiniers pr\u00e9parent les repas traditionnels au sein d&rsquo;une grande cuisine centrale aux normes modernes. Tous les r\u00e9gimes prescrits sont respect\u00e9s. Une commission de menus fonctionne au sein de l&rsquo;\u00e9tablissement.<br \/>\nLe m\u00e9nage quotidien des chambres et des parties communes est assur\u00e9 par les agents de service h\u00f4telier.<br \/>\nL&rsquo;entretien du linge plat (draps, al\u00e8ses, couvertures\u2026) est \u00e0 la charge de l&rsquo;\u00e9tablissement. L&rsquo;entretien du linge personnel des r\u00e9sidents peut \u00eatre pris en charge par l&rsquo;\u00e9tablissement moyennant un forfait mensuel.<\/p>\n<p style=\"text-align: center;\"><img loading=\"lazy\" decoding=\"async\" class=\"ngg-singlepic ngg-center aligncenter\" title=\"EHPAD les Villas d'Herv\u00e9 - Personnel\" src=\"https:\/\/lesvillasdherve.fr\/WordPress3\/wp-content\/gallery\/photossite\/personnel_0.jpg\" alt=\"personnel\" width=\"309\" height=\"231\"><\/p>\n<p style=\"text-align: center;\">&nbsp;<\/p>\n<h3><span style=\"color: #800000;\">Les Animations<\/span><\/h3>\n<p>Les Animations quotidiennes vari\u00e9es sont organis\u00e9es par l&rsquo;animateur en g\u00e9rontologie et l&rsquo;\u00e9quipe des aides m\u00e9dico-psychologiques (AMP). L&rsquo;\u00e9quipe a \u00e9t\u00e9 form\u00e9e aux animations sp\u00e9cifiques avec les r\u00e9sidents atteints de la maladie d&rsquo;Alzheimer.<br \/>\nLe journal trimestriel des Villas d&rsquo;Herv\u00e9 relate les \u00e9v\u00e8nements importants au sein de l&rsquo;\u00e9tablissement.<\/p>\n<p>&#8211; Voir aussi la page sp\u00e9ciale <a title=\"Animations\" href=\"https:\/\/lesvillasdherve.fr\/WordPress3\/?p=216\">Animations<\/a> et l&rsquo;<a title=\"Agenda \" href=\"https:\/\/lesvillasdherve.fr\/WordPress3\/?p=211\">Agenda<\/a>.<\/p>\n<p><img loading=\"lazy\" decoding=\"async\" class=\"ngg-singlepic ngg-center\" src=\"https:\/\/lesvillasdherve.fr\/WordPress3\/wp-content\/gallery\/photossite\/animations4_0.jpg\" alt=\"animations\" width=\"765\" height=\"141\"><\/p>\n","protected":false},"excerpt":{"rendered":"<p>Les Admissions L&rsquo;admission est prononc\u00e9e par le Directeur apr\u00e8s avis du M\u00e9decin coordonnateur de l&rsquo;\u00e9tablissement. Le dossier administratif et m\u00e9dical de pr\u00e9-admission doit \u00eatre d\u00e9pos\u00e9 pr\u00e9alablement \u00e0 l&rsquo;\u00e9tablissement (rubrique Formulaires en ligne). Une visite de pr\u00e9-admission est fortement recommand\u00e9e pour le futur r\u00e9sident. Service H\u00f4telier La restauration est assur\u00e9e par le personnel salari\u00e9, il n&rsquo;y [&hellip;]<\/p>\n","protected":false},"author":1,"featured_media":0,"parent":0,"menu_order":5,"comment_status":"closed","ping_status":"closed","template":"","meta":{"footnotes":""},"class_list":["post-107","page","type-page","status-publish","hentry","post-preview"],"aioseo_notices":[],"_links":{"self":[{"href":"https:\/\/lesvillasdherve.fr\/WordPress3\/wp-json\/wp\/v2\/pages\/107","targetHints":{"allow":["GET"]}}],"collection":[{"href":"https:\/\/lesvillasdherve.fr\/WordPress3\/wp-json\/wp\/v2\/pages"}],"about":[{"href":"https:\/\/lesvillasdherve.fr\/WordPress3\/wp-json\/wp\/v2\/types\/page"}],"author":[{"embeddable":true,"href":"https:\/\/lesvillasdherve.fr\/WordPress3\/wp-json\/wp\/v2\/users\/1"}],"replies":[{"embeddable":true,"href":"https:\/\/lesvillasdherve.fr\/WordPress3\/wp-json\/wp\/v2\/comments?post=107"}],"version-history":[{"count":2,"href":"https:\/\/lesvillasdherve.fr\/WordPress3\/wp-json\/wp\/v2\/pages\/107\/revisions"}],"predecessor-version":[{"id":826,"href":"https:\/\/lesvillasdherve.fr\/WordPress3\/wp-json\/wp\/v2\/pages\/107\/revisions\/826"}],"wp:attachment":[{"href":"https:\/\/lesvillasdherve.fr\/WordPress3\/wp-json\/wp\/v2\/media?parent=107"}],"curies":[{"name":"wp","href":"https:\/\/api.w.org\/{rel}","templated":true}]}}

<h3><span style="color: #800000;">Les Admissions</span></h3>
<p>L&rsquo;admission est prononcée par le Directeur après avis du Médecin coordonnateur de l&rsquo;établissement. Le dossier administratif et médical de pré-admission doit être déposé préalablement à l&rsquo;établissement (rubrique <a href="https://lesvillasdherve.fr/WordPress3/?p=231" target="_self">Formulaires en ligne</a>).<br />
Une visite de pré-admission est fortement recommandée pour le futur résident.</p>
<h3><span style="color: #800000;">Service Hôtelier</span></h3>
<p>La restauration est assurée par le personnel salarié, il n&rsquo;y pas de sous-traitance. Deux cuisiniers préparent les repas traditionnels au sein d&rsquo;une grande cuisine centrale aux normes modernes. Tous les régimes prescrits sont respectés. Une commission de menus fonctionne au sein de l&rsquo;établissement.<br />
Le ménage quotidien des chambres et des parties communes est assuré par les agents de service hôtelier.<br />
L&rsquo;entretien du linge plat (draps, alèses, couvertures…) est à la charge de l&rsquo;établissement. L&rsquo;entretien du linge personnel des résidents peut être pris en charge par l&rsquo;établissement moyennant un forfait mensuel.</p>
<p style="text-align: center;"><img loading="lazy" decoding="async" class="ngg-singlepic ngg-center aligncenter" title="EHPAD les Villas d'Hervé - Personnel" src="https://lesvillasdherve.fr/WordPress3/wp-content/gallery/photossite/personnel_0.jpg" alt="personnel" width="309" height="231"></p>
<p style="text-align: center;">&nbsp;</p>
<h3><span style="color: #800000;">Les Animations</span></h3>
<p>Les Animations quotidiennes variées sont organisées par l&rsquo;animateur en gérontologie et l&rsquo;équipe des aides médico-psychologiques (AMP). L&rsquo;équipe a été formée aux animations spécifiques avec les résidents atteints de la maladie d&rsquo;Alzheimer.<br />
Le journal trimestriel des Villas d&rsquo;Hervé relate les évènements importants au sein de l&rsquo;établissement.</p>
<p>&#8211; Voir aussi la page spéciale <a title="Animations" href="https://lesvillasdherve.fr/WordPress3/?p=216">Animations</a> et l&rsquo;<a title="Agenda " href="https://lesvillasdherve.fr/WordPress3/?p=211">Agenda</a>.</p>
<p><img loading="lazy" decoding="async" class="ngg-singlepic ngg-center" src="https://lesvillasdherve.fr/WordPress3/wp-content/gallery/photossite/animations4_0.jpg" alt="animations" width="765" height="141"></p>

<p>Les Admissions L&rsquo;admission est prononcée par le Directeur après avis du Médecin coordonnateur de l&rsquo;établissement. Le dossier administratif et médical de pré-admission doit être déposé préalablement à l&rsquo;établissement (rubrique Formulaires en ligne). Une visite de pré-admission est fortement recommandée pour le futur résident. Service Hôtelier La restauration est assurée par le personnel salarié, il n&rsquo;y [&hellip;]</p>
